*w**2 + 1. Let b be t(1). Suppose -q + b + 20 = 0. Calculate the highest common factor of q and 14.
14
Let n(r) = 2*r**2 - 16*r. Let v(w) = -w**2 + 8*w - 4. Let a be v(5). Let d be n(a). What is the greatest common factor of d and 6?
6
Let w be 33 - (6/(-9)*-3 - 2). What is the greatest common divisor of 3 and w?
3
Suppose 4*y = 7*y - 33. Let r(n) = n**3 - 5*n**2 - 5*n - 5. Let i be r(6). Calculate the highest common factor of i and y.
1
Suppose 4 = 2*u + 2*x - 10, -x - 1 = -u. Suppose 19 = u*q + 3. Suppose 10 = 2*l + 3*l. What is the greatest common factor of q and l?
2
Let o = 14 - -19. Let y be (-6)/2*(-11)/3. Calculate the highest common divisor of o and y.
11
Suppose 2*l - 11 = 1. Calculate the greatest common factor of 6 and l.
6
Let s be (-2 + 4)*(19 - 1). Suppose -108 = -8*j - 12. Calculate the greatest common factor of s and j.
12
Suppose -2*f + 4*q + 29 = 11, -2*q = 8. What is the highest common divisor of 1 and f?
1
Let v = -9 + 18. Let w be 2/(1*1/v). Calculate the greatest common factor of 12 and w.
6
Let o(d) = 13*d - 9. Let l be o(3). What is the highest common divisor of 270 and l?
30
Let i be (20/6)/(2/(-15)). Let v = 11 - i. Calculate the greatest common factor of 24 and v.
12
Let l(p) = -p + 5 + p**2 - 2*p - 3*p. Let z be l(5). Suppose -x = -4*s + 61, -3*s - 2*x + 32 = -z*s. Calculate the greatest common factor of 98 and s.
14
Let p = 33 + 18. Suppose -d + 40 = -5*d. Let q = d - -27. What is the highest common factor of p and q?
17
Let t be (-4)/16 - 9/(-4). Suppose -4*v = -31 + 11. Calculate the greatest common factor of v and t.
1
Suppose -4*x - 4*d + 28 = 0, 3*x - 9 = -0*x + d. Suppose 4*r - 40 = -x*n - 0*r, 2*r + 10 = 0. What is the greatest common factor of 30 and n?
15
Let f(y) = 8*y - 12. Let k be f(6). Calculate the highest common divisor of k and 6.
6
Let s(z) = -12*z + 6. Let f(y) = -11*y + 5. Let u(o) = -5*f(o) + 4*s(o). Let g be u(2). Calculate the greatest common factor of 91 and g.
13
Suppose -7*h + 15 = 1. Calculate the highest common divisor of 16 and h.
2
Suppose -3*b + v + 44 = 0, -v + 2*v = b - 16. What is the highest common divisor of 7 and b?
7
Suppose -x - w + 173 = 0, 5*w - 5 = 4*w. What is the highest common factor of x and 21?
21
Suppose -69 - 41 = -2*a. What is the greatest common factor of a and 22?
11
Let h be ((-30)/25)/((-2)/(-5)). Let z be ((-49)/h)/(3/(-9)). Let k = -33 - z. Calculate the greatest common factor of k and 40.
8
Suppose -z + 8 = 5*h, 4*h - h + 55 = 2*z. Suppose 689 - 231 = 4*m + w, 3*m - 4*w - 353 = 0. What is the greatest common divisor of m and z?
23
Let a = 8 + -6. Suppose 5*i - 46 = 3*w + 6, 4*w = -16. Let m be (i/4 - 4) + 24. What is the highest common factor of m and a?
2
Let y(x) = x + 1. Let a be y(-1). Suppose a = 6*s - 4*s - 22. Let m = s + -4. Calculate the highest common divisor of m and 49.
7
Let y(a) = 1 + 0*a + 3*a - a**3 - 4*a**3. Suppose -7 - 3 = 5*b. Let p be y(b). Calculate the highest common divisor of 7 and p.
7
Let q = -158 + 374. Calculate the greatest common divisor of q and 27.
27
Let z be -1 + (6 - (-3)/3). Suppose n - z = -n. Calculate the greatest common divisor of n and 6.
3
Let x be (9 + 0)*(0 + 7). Suppose -b + 3*f + 2 = 0, -4*b = b - 4*f - 21. Suppose 0 = 2*m - 9 - b. Calculate the greatest common factor of m and x.
7
Suppose -3*q - 50 = -5*l, 0 = 2*q + 2*q + 20. Suppose -l*t + 15 = -6*t. Calculate the highest common factor of 5 and t.
5
Suppose 0 = a - 7 - 59. Calculate the highest common factor of 88 and a.
22
Let c be 3/(-1)*(-1)/3. Suppose 0 = p + l + l - 8, 3*p + l - 4 = 0. Suppose -t + p = f - 7, -2*f = -5*t + 14. What is the highest common divisor of f and c?
1
Suppose 191 = 2*w + s, 5*w = -s + 194 + 285. Calculate the greatest common divisor of w and 12.
12
Let u(s) = 5*s**2 + 2*s - 2. Let m be u(-2). Suppose 176 = 3*x + 20. Let p = x + 60. Calculate the greatest common factor of p and m.
14
Suppose -8*x + 135 = -9. Let b = -73 - -199. Calculate the highest common divisor of x and b.
18
Suppose 0 = -4*p + 1347 - 259. Suppose 0 = -3*c + 833 - p. Calculate the greatest common factor of c and 17.
17
Let d(m) = 2*m**2 + 4*m - 4. Let x be d(3). Let w be (-2)/(-5) + x/10. Suppose -5*f - 36 = -8*f. What is the highest common factor of w and f?
3
Let v(a) = 2*a**2 + 2*a - 8. Let j be v(-9). What is the highest common factor of 17 and j?
17
Let n = 9 - -5. Suppose 0 = 6*c + 144 - 480. What is the highest common factor of n and c?
14
Let r(p) = p + 83. Let a be r(-23). Calculate the highest common divisor of 40 and a.
20
Suppose 320 = 4*s - 0. Let f be ((-5)/(-3))/(-5 + (-217)/(-42)). What is the greatest common divisor of f and s?
10
Let u be (-1 + 2)/(1/9). Suppose -4*g = -u*g + 50. Suppose -10*s + 60 = -6*s. What is the greatest common factor of g and s?
5
Let y = -155 - -443. Calculate the highest common factor of y and 32.
32
Let h = 5 - 1. Suppose -m + h = -7. Suppose 0 = 4*k - 30 - 14. What is the highest common factor of k and m?
11
Suppose 0 = j - 3 - 30. Suppose -102 + j = -q. Calculate the greatest common divisor of q and 23.
23
Suppose -5*z - 198 = 3362. Let o be z/(-24) - (-1)/3. What is the highest common factor of o and 20?
10
Let i be ((-10)/(-3))/((-2)/(-66)). Calculate the highest common factor of 11 and i.
11
Let o(v) be the first derivative of 3*v**2/2 - 7*v - 1. Let u be o(3). Calculate the highest common factor of 8 and u.
2
Suppose 4*m - 420 = 404. Let o be ((-12)/(-3) - 8) + 66. Let k = m - o. Calculate the greatest common divisor of 18 and k.
18
Suppose -5*i = -4 - 1. Let g(f) = -3*f**3 + f**2 - f + 1. Let t be g(i). Let a(x) = -x - 1. Let y be a(t). Calculate the highest common factor of y and 3.
1
Let j(o) be the second derivative of o**3/6 - 2*o**2 + o. Let a be j(6). Suppose -a*h - 3 = -5. What is the greatest common divisor of 11 and h?
1
Let g be (80/(-6))/((-2)/6). Let k be 12*3/((-9)/(-2)). Let c be (k/(-16))/(1/(-10)). What is the greatest common factor of c and g?
5
Let w(l) = 2*l**2 - 27*l + 42. Let m be w(12). What is the greatest common factor of 198 and m?
6
Let q(c) = c**3 + 13*c**2 - c + 2. Let y be q(-6). Suppose 2*a = 6*a - y. Suppose -a + 5 = -3*z. Calculate the highest common divisor of z and 4.
4
Let o = 21 - 10. Let w be o/(2 + (-26)/14). What is the highest common factor of 11 and w?
11
Let q be (-3)/(0 + 0 + -1). Suppose q*j = -3*r - r - 84, -2*j - 8 = 0. Let x be (r/21)/(1/(-14)). What is the highest common factor of x and 3?
3
Let a(l) = -l**3 - 5*l**2 + l + 7. Let b be a(-5). Let d be 26/8*b*2. Let t = d + 3. Calculate the greatest common factor of 8 and t.
8
Suppose 3*g + 5 = 4*g. Calculate the highest common factor of 4 and g.
1
Suppose 0 + 68 = 2*z. What is the greatest common factor of 340 and z?
34
Let c(u) = -u**3 - 18*u**2 - 16*u + 20. Let g be c(-17). What is the highest common factor of 1 and g?
1
Suppose -7 - 28 = -3*i - 2*p, -2*i + 5*p + 36 = 0. Suppose -5*a = 0, 3*a = l + 2*a - i. Calculate the highest common divisor of l and 13.
13
Suppose 65 = 5*m + 25. Calculate the highest common factor of 12 and m.
4
Suppose 2*i + 17 = -z, 2*z = 3*z - 2*i + 29. Let m = z - -32. Calculate the greatest common divisor of m and 81.
9
Let x(f) = f + 98. Let t be x(7). Calculate the highest common divisor of 21 and t.
21
Suppose 3*f + 3*b - 73 = 23, -93 = -3*f - 4*b. Calculate the greatest common divisor of f and 5.
5
Let z(m) be the third derivative of -m**5/60 - m**4/3 + 5*m**3/3 - 8*m**2. Let i be z(-7). Calculate the greatest common factor of 17 and i.
17
Let b = 191 - 20. Calculate the greatest common divisor of b and 19.
19
Suppose 5*n - 6 + 1 = -4*u, u - n = 8. Suppose 2*t - 55 = -3*t. Suppose -4*o - 12 = -4*w, 3*w - t + 1 = 4*o. Calculate the greatest common divisor of w and u.
1
Let y be (-1*3)/((-6)/(-8)). Let d be (-3 - y)*(6 - 0). Suppose 5 = -5*k + d*k. Calculate the highest common divisor of 1 and k.
1
Suppose -11 = -2*q + 5. Suppose -2*z = 4, 4*z - 8*z = -4*k + 40. Calculate the greatest common divisor of q and k.
8
Let p be (1 + -2)*(-93 - 3). Calculate the greatest common factor of p and 12.
12
Suppose -6*z + 11*z - a = 277, -5*z + 285 = -5*a. Let i = -27 + z. Calculate the greatest common factor of i and 4.
4
Suppose -l - 5*s + 10 = 0, 2*l - 35 + 0 = 5*s. Suppose -3*c + 90 = -l. Wha